0010101101
In base 15, what is -b1 - -17e8?
1737
In base 15, what is -47 + -37c?
-3c4
In base 9, what is 268514 - -3?
268517
In base 6, what is 25334 + -4?
25330
In base 7, what is 212204 + -12?
212162
In base 5, what is 112022 - -10?
112032
In base 16, what is -64fef7 + 1?
-64fef6
In base 16, what is 313 - -61?
374
In base 11, what is 11 + 62275?
62286
In base 16, what is -5 - 165c?
-1661
In base 3, what is 101101112 + 0?
101101112
In base 11, what is 843 - 52?
7a1
In base 14, what is 2 + -28c22?
-28c20
In base 4, what is 11023333 - -3?
11030002
In base 8, what is 0 - 2721034?
-2721034
In base 9, what is -130 + 1027?
787
In base 3, what is -1022112101011 + 1?
-1022112101010
In base 2, what is -111 + -101001110?
-101010101
In base 14, what is 43920 - -8?
43928
In base 3, what is -1102010221 + 0?
-1102010221
In base 5, what is 14 - 3240403?
-3240334
In base 13, what is 1690b - -4?
16912
In base 13, what is -17 + 308b?
3074
In base 14, what is 1c01 - 28?
1bb7
In base 9, what is 5 - 1214?
-1208
In base 9, what is -8520 + -10?
-8530
In base 7, what is -12144 + -324?
-12501
In base 12, what is 9714 - 5?
970b
In base 8, what is -1246 - 704?
-2152
In base 16, what is -3047 + -3?
-304a
In base 15, what is -c - -252?
245
In base 4, what is 101132 + 10300?
112032
In base 4, what is 303 + -10032221?
-10031312
In base 6, what is 2254 + -22014?
-15320
In base 13, what is -4 - -b31c6?
b31c2
In base 10, what is -27804 - 43?
-27847
In base 9, what is 503 + 270?
773
In base 11, what is -1114 + -183?
-1297
In base 13, what is -13 + -b866?
-b879
In base 14, what is -1c1 + 3c2?
201
In base 6, what is -2350 + -114?
-2504
In base 5, what is -304 + 414032?
413223
In base 9, what is 3 + -273226?
-273223
In base 14, what is 151 - 25?
12a
In base 15, what is -18 - -1160?
1147
In base 5, what is -12322333 + -1?
-12322334
In base 3, what is -10211221 - -2200?
-10202021
In base 3, what is -222000 - 100?
-222100
In base 7, what is 2 + 1216?
1221
In base 16, what is -6aac - 5?
-6ab1
In base 4, what is -10330203 - 223?
-10331032
In base 7, what is 266412 + 10?
266422
In base 6, what is -43255 + 3?
-43252
In base 6, what is 13032323 + 0?
13032323
In base 3, what is -1100 - 112020111?
-112021211
In base 10, what is -1514 + -449?
-1963
In base 8, what is 7 - 1441635?
-1441626
In base 12, what is -4 + -4812?
-4816
In base 7, what is -3052 - -5543?
2461
In base 4, what is 101 + -21?
20
In base 13, what is -31a + -41b?
-738
In base 9, what is 3710 + 583?
4403
In base 12, what is 1247 - -71?
12b8
In base 8, what is 106370 - -5?
106375
In base 12, what is 53 - 209a?
-2047
In base 14, what is -6724 + c?
-6716
In base 8, what is -1035204 + 3?
-1035201
In base 13, what is 1a6 + 38?
211
In base 9, what is 47 + 180220?
180267
In base 5, what is 1010 - -42341?
43401
In base 12, what is -b - 89918?
-89927
In base 11, what is -7746 + -84?
-781a
In base 11, what is 5 - -8aa2?
8aa7
In base 16, what is -f7114 + -3?
-f7117
In base 8, what is -3 - 241?
-244
In base 14, what is 10496 - b3?
103c3
In base 2, what is 1011 - 10100010011?
-10100001000
In base 13, what is 119 - -9c?
1b8
In base 14, what is 24c + -2bb?
-6d
In base 12, what is -303b + 12?
-3029
In base 6, what is -3133 + 2425?
-304
In base 14, what is -2 + -2621?
-2623
In base 2, what is 11 + 1110100111000?
1110100111011
In base 7, what is 2244 - 62?
2152
In base 15, what is -c - -ac1?
ab4
In base 5, what is 4 + 12441134?
12441143
In base 6, what is 2 + -201325?
-201323
In base 9, what is 4 + -685174?
-685170
In base 5, what is 3314 + 430?
4244
In base 12, what is -27 + -65b91?
-65bb8
In base 7, what is -51404 + 14?
-51360
In base 15, what is -2 - 12b1?
-12b3
In base 15, what is 106c9 + 5?
106ce
In base 14, what is 67 + -92?
-29
In base 2, what is 11101101100111 + 1?
11101101101000
In base 16, what is -3d6 + 38?
-39e
In base 3, what is 12 + -2010001211?
-2010001122
In base 2, what is -10000101011 + 101000?
-10000000011
In base 12, what is -25771 + 3?
-2576a
In base 4, what is 1123 - 31122?
-23333
In base 7, what is -312400 - -3?
-312364
In base 4, what is 22333 + -232102?
-203103
In base 14, what is -5 - 29447?
-2944c
In base 4, what is 2 - 200212320?
-200212312
In base 12, what is -2b27 + -4?
-2b2b
In base 2, what is 1101000101110101100 - -101?
1101000101110110001
In base 12, what is 5628 - 3b?
55a9
In base 4, what is 202130 + -31?
202033
In base 16, what is 3ccc2 - 2?
3ccc0
In base 2, what is -110001100 + 10?
-110001010
In base 8, what is -44002 + -3?
-44005
In base 3, what is 0 - 1122010121?
-1122010121
In base 9, what is -4 + 1207780?
1207775
In base 10, what is -1 - -30168?
30167
In base 5, what is 0 + 223023?
223023
In base 8, what is 1001622 - -3?
1001625
In base 10, what is 41 - 1198?
-1157
In base 8, what is 24675263 - 4?
24675257
In base 2, what is -1001000010 + -10001?
-1001010011
In base 5, what is 122 - 4114?
-3442
In base 3, what is -101 + 10200211222?
10200211121
In base 2, what is 1101010100 - -10011?
1101100111
In base 3, what is 1102001221112 + 2?
1102001221121
In base 8, what is 635527 + 5?
635534
In base 14, what is -1406 - 96?
-149c
In base 2, what is 11 - 1000000001011001?
-1000000001010110
In base 4, what is -2 - 11131020?
-11131022
In base 10, what is -4 - 53474?
-53478
In base 4, what is 1 - 20113203?
-20113202
In base 5, what is 110 - 13340?
-13230
In base 3, what is -122222210 - -201?
-122222002
In base 14, what is 1 - 15884?
-15883
In base 16, what is 3377 + -3?
3374
In base 4, what is -202020 + 1122?
-200232
In base 5, what is 22020300 - 3?
22020242
In base 5, what is -134 - 21113?
-21302
In base 16, what is -1c4 - -57?
-16d
In base 4, what is -21120 + -20?
-21200
In base 14, what is 25730 + d?
2573d
In base 14, what is -2ba - -3?
-2b7
In base 11, what is 527 - -19?
545
In base 11, what is -14 + 9811?
97a8
In base 10, what is -44 - 3717?
-3761
In base 3, what is -10120111212 + -12?
-10120112001
In base 6, what is -5 + -11520541?
-11520550
In base 5, what is 42244 + 1011?
43310
In base 6, what is 5 + -4412311?
-4412302
In base 4, what is 110330 - 101?
110223
In base 9, what is 14 + 11118?
11133
In base 6, what is 2 - -15120?
15122
In base 8, what is 213 - 105?
106
In base 6, what is 5054 - -3543?
13041
In base 4, what is 1011220 - 20?
1011200
In base 12, what is 4 - a168?
-a164
In base 8, what is -1577 + 543?
-1034
In base 13, what is 230433 + -5?
23042b
In base 13, what is -348 - -1a?
-32b
In base 15, what is -31 - -204?
1c3
In base 2, what is 111 - -100110010111100?
100110011000011
In base 6, what is -130 + 1120?
550
In base 12, what is -1 + -21642?
-21643
In base 5, what is 1443 - 103?
1340
In base 7, what is 300 - 1654?
-1354
In base 10, what is -1487 + 4?
-1483
In base 11, what is 2139 - 21a?
1a1a
In base 16, what is -80 - -7e82?
7e02
In base 11, what is -4a10 + 3?
-4a08
In base 14, what is 1b63a + 1a?
1b656
In base 5, what is 1000 - 33130?
-32130
In base 2, what is 10000010 - -1111110?
100000000
In base 3, what is -12121011210 - 2?
-12121011212
In base 6, what is -5 - -143500?
143451
In base 8, what is -215 + 600?
363
In base 4, what is 10 - 30011?
-30001
In base 15, what is -c96 + 5aa?
-6db
In base 12, what is -24 - -586?
562
In base 8, what is -1357 + -542?
-2121
In base 9, what is 3 + 1606400?
1606403
In base 11, what is 11a2 + -13?
118a
In base 9, what is -412044 + 2?
-412042
In base 7, what is 155 - -441?
626
In base 6, what is 2 - 10131041?
-10131035
In base 12, what is 93374 - -5?
93379
In base 2, what is -110001101 - -100110?
-101100111
In base 7, what is -16264524 + 1?
-16264523
In base 2, what is 111111110111 + 101?
111111111100
In base 2, what is -10101100000001101 - 101?
-10101100000010010
In base 16, what is 1a - 2991d?
-29903
In base 13, what is -b - -1523?
1515
In base 16, what is 7f8e - -2?
7f90
In base 15, what is -a + b2b1?
b2a6
In base 6, what is -113340 + -20?
-113400
In base 10, what is 12 - 8404?
-8392
In base 6, what is 3353140 + -5?
3353131
In base 14, what is -4b03 + -120?
-4c23
In base 9, what is -5843777 - 2?
-5843780
In base 8, what is -124 + 52005?
51661
In base 6, what is 25314353 - -3?
25314400
In base 7, what is -111 + -344?
-455
In base 13, what is 0 - -14862?
14862
In base 15, what is -5c574 + 2?
-5c572
In base 16, what is 40d1 + 36?
4107
In base 5, what is -2020141